{"id":25,"date":"2015-04-29T11:20:56","date_gmt":"2015-04-29T09:20:56","guid":{"rendered":"http:\/\/www.hausaerztinnen-stuhr.de\/?page_id=25"},"modified":"2024-05-02T17:37:47","modified_gmt":"2024-05-02T15:37:47","slug":"impressum","status":"publish","type":"page","link":"https:\/\/www.hausaerztinnen-stuhr.de\/?page_id=25","title":{"rendered":"Impressum"},"content":{"rendered":"<p><span style=\"font-family: Arial,serif;\"><span style=\"font-size: medium;\"><b>Verantwortlich:<\/b><\/span><\/span><\/p>\n<p>Dr. med. Y. Indorf<br \/>\nDipl. Med. A. Cheaib<br \/>\nS. Neumann<\/p>\n<p>Blockener Str. 41<br \/>\n28816 Stuhr<br \/>\nTel. 0421 &#8211; 56 98 957<br \/>\nFax. 0421- 56 98 958<\/p>\n<p>Mitglieder der \u00c4rztekammer Niedersachsen, Deutscher Haus\u00e4rzteverband<\/p>\n<p>Zust\u00e4ndige Aufsichtsbeh\u00f6rde: KV Verden; Gesetzliche Berufsbezeichnung: Dr. med. Yvonne Indorf, Fach\u00e4rztin f\u00fcr Allgemeinmedizin und Psychotherapeutin; Dipl. Med. Anette Cheaib, Fach\u00e4rztin f\u00fcr Allgemeinmedizin; Susanne Neumann,\u00a0Fach\u00e4rztin f\u00fcr Allgemeinmedizin;<br \/>\nStaat, in dem die Berufsbezeichnung erworben wurde: Deutschland; Berufsrechtliche Regelung: Berufsordnung f\u00fcr die Nieders\u00e4chsischen \u00c4rztinnen und \u00c4rzte<\/p>\n<p><b>Texte\/Redaktion:<\/b><\/p>\n<p>Dr. med. Y. Indorf, Dipl. Med. A. Cheaib, S. Neumann<\/p>\n<p><b>Haftung f\u00fcr Inhalte dieser Seite: <\/b><\/p>\n<p>Das publizierte Informationsangebot steht unter Aufsicht von Frau Dr. med Y. Indorf und Dipl Med. A. Cheaib. Auf verwiesene Webseiten kann gegen\u00fcber der juristischen Person kein Anspruch auf Vollst\u00e4ndigkeit und Richtigkeit erhoben werden. Angesichts des Umfangs vieler Webseiten kann nicht jedes Angebot kontinuierlich und in allen Einzelheiten &#8211; insbesondere in Hinsicht der Linkangebote Dritter &#8211; \u00fcberpr\u00fcft werden. Es wird darauf hingewiesen, dass f\u00fcr die Inhalte der Seiten, auf die verwiesen wird, ausschlie\u00dflich deren Verfasser selbst verantwortlich sind. Frau Dr. med. Indorf , Frau. Dipl. Med. Cheaib und Frau Neumann machen sich diese Inhalte nicht zu Eigen und \u00fcbernehmen insofern keine Haftung. Webinhalte werden ausgeschlossen, sofern sie berechtigten Anlass zur Kritik geben k\u00f6nnen.<\/p>\n<p>\u00a9 Praxisgemeinschaft Dr. med. Y. Indorf\u00a0, Dipl. Med. A. Cheaib und S. Neumann<\/p>\n","protected":false},"excerpt":{"rendered":"<p>Verantwortlich: Dr. med. Y. Indorf Dipl. Med. A. Cheaib S. Neumann Blockener Str. 41 28816 Stuhr Tel. 0421 &#8211; 56 98 957 Fax. 0421- 56 98 958 Mitglieder der \u00c4rztekammer Niedersachsen, Deutscher Haus\u00e4rzteverband Zust\u00e4ndige Aufsichtsbeh\u00f6rde: KV Verden; Gesetzliche Berufsbezeichnung: Dr.<\/p>\n","protected":false},"author":4,"featured_media":15,"parent":0,"menu_order":0,"comment_status":"closed","ping_status":"closed","template":"","meta":{"footnotes":""},"class_list":["post-25","page","type-page","status-publish","has-post-thumbnail","hentry"],"_links":{"self":[{"href":"https:\/\/www.hausaerztinnen-stuhr.de\/index.php?rest_route=\/wp\/v2\/pages\/25","targetHints":{"allow":["GET"]}}],"collection":[{"href":"https:\/\/www.hausaerztinnen-stuhr.de\/index.php?rest_route=\/wp\/v2\/pages"}],"about":[{"href":"https:\/\/www.hausaerztinnen-stuhr.de\/index.php?rest_route=\/wp\/v2\/types\/page"}],"author":[{"embeddable":true,"href":"https:\/\/www.hausaerztinnen-stuhr.de\/index.php?rest_route=\/wp\/v2\/users\/4"}],"replies":[{"embeddable":true,"href":"https:\/\/www.hausaerztinnen-stuhr.de\/index.php?rest_route=%2Fwp%2Fv2%2Fcomments&post=25"}],"version-history":[{"count":6,"href":"https:\/\/www.hausaerztinnen-stuhr.de\/index.php?rest_route=\/wp\/v2\/pages\/25\/revisions"}],"predecessor-version":[{"id":454,"href":"https:\/\/www.hausaerztinnen-stuhr.de\/index.php?rest_route=\/wp\/v2\/pages\/25\/revisions\/454"}],"wp:featuredmedia":[{"embeddable":true,"href":"https:\/\/www.hausaerztinnen-stuhr.de\/index.php?rest_route=\/wp\/v2\/media\/15"}],"wp:attachment":[{"href":"https:\/\/www.hausaerztinnen-stuhr.de\/index.php?rest_route=%2Fwp%2Fv2%2Fmedia&parent=25"}],"curies":[{"name":"wp","href":"https:\/\/api.w.org\/{rel}","templated":true}]}}

<p><span style="font-family: Arial,serif;"><span style="font-size: medium;"><b>Verantwortlich:</b></span></span></p>
<p>Dr. med. Y. Indorf<br />
Dipl. Med. A. Cheaib<br />
S. Neumann</p>
<p>Blockener Str. 41<br />
28816 Stuhr<br />
Tel. 0421 &#8211; 56 98 957<br />
Fax. 0421- 56 98 958</p>
<p>Mitglieder der Ärztekammer Niedersachsen, Deutscher Hausärzteverband</p>
<p>Zuständige Aufsichtsbehörde: KV Verden; Gesetzliche Berufsbezeichnung: Dr. med. Yvonne Indorf, Fachärztin für Allgemeinmedizin und Psychotherapeutin; Dipl. Med. Anette Cheaib, Fachärztin für Allgemeinmedizin; Susanne Neumann, Fachärztin für Allgemeinmedizin;<br />
Staat, in dem die Berufsbezeichnung erworben wurde: Deutschland; Berufsrechtliche Regelung: Berufsordnung für die Niedersächsischen Ärztinnen und Ärzte</p>
<p><b>Texte/Redaktion:</b></p>
<p>Dr. med. Y. Indorf, Dipl. Med. A. Cheaib, S. Neumann</p>
<p><b>Haftung für Inhalte dieser Seite: </b></p>
<p>Das publizierte Informationsangebot steht unter Aufsicht von Frau Dr. med Y. Indorf und Dipl Med. A. Cheaib. Auf verwiesene Webseiten kann gegenüber der juristischen Person kein Anspruch auf Vollständigkeit und Richtigkeit erhoben werden. Angesichts des Umfangs vieler Webseiten kann nicht jedes Angebot kontinuierlich und in allen Einzelheiten &#8211; insbesondere in Hinsicht der Linkangebote Dritter &#8211; überprüft werden. Es wird darauf hingewiesen, dass für die Inhalte der Seiten, auf die verwiesen wird, ausschließlich deren Verfasser selbst verantwortlich sind. Frau Dr. med. Indorf , Frau. Dipl. Med. Cheaib und Frau Neumann machen sich diese Inhalte nicht zu Eigen und übernehmen insofern keine Haftung. Webinhalte werden ausgeschlossen, sofern sie berechtigten Anlass zur Kritik geben können.</p>
<p>© Praxisgemeinschaft Dr. med. Y. Indorf , Dipl. Med. A. Cheaib und S. Neumann</p>

<p>Verantwortlich: Dr. med. Y. Indorf Dipl. Med. A. Cheaib S. Neumann Blockener Str. 41 28816 Stuhr Tel. 0421 &#8211; 56 98 957 Fax. 0421- 56 98 958 Mitglieder der Ärztekammer Niedersachsen, Deutscher Hausärzteverband Zuständige Aufsichtsbehörde: KV Verden; Gesetzliche Berufsbezeichnung: Dr.</p>
