{"id":2,"date":"2015-04-23T09:03:34","date_gmt":"2015-04-23T09:03:34","guid":{"rendered":"http:\/\/www.hausaerztinnen-stuhr.de\/?page_id=2"},"modified":"2026-03-30T08:44:45","modified_gmt":"2026-03-30T06:44:45","slug":"beispiel-seite","status":"publish","type":"page","link":"https:\/\/www.hausaerztinnen-stuhr.de\/?page_id=2","title":{"rendered":"Startseite"},"content":{"rendered":"<p><strong>Liebe Patientin, lieber Patient!<\/strong><\/p>\n<p>Herzlich Willkommen auf der Internetseite der Fach\u00e4rztin f\u00fcr Allgemeinmedizin und Psychotherapie Dr. med. Yvonne Indorf und der Fach\u00e4rztin f\u00fcr Allgemeinmedizin Susanne Neumann.<\/p>\n<p>Folgender Leitfaden enth\u00e4lt n\u00fctzliche Hinweise und Informationen \u00fcber organisatorische Abl\u00e4ufe und das Leistungsspektrum in unserer Praxis. Wir m\u00f6chten Ihnen damit helfen sich bei uns in der Praxis schnell und gut zurechtzufinden.<\/p>\n<p>Wir verstehen uns als haus\u00e4rztliche Praxis.&nbsp; Dies beinhaltet eine umfassende Grundversorgung. Der Sprechstundenablauf ist nach Terminen organisiert.<br \/>\nSelbstverst\u00e4ndlich k\u00f6nnen Sie im Notfall auch unangemeldet zu uns kommen. Allerdings lassen sich dann Wartezeiten \u2013 f\u00fcr alle Patienten \u2013 nicht immer vermeiden. Eine kurzfristige Terminabsprache kann diese Wartezeiten f\u00fcr alle Patienten verringern.<\/p>\n<p>Wir freuen uns auf Ihre Terminabsprache mit uns unter der Telefonnummer 0421-5698957.<\/p>\n\n\n<div class=\"wp-block-buttons is-content-justification-center is-layout-flex wp-container-core-buttons-is-layout-a89b3969 wp-block-buttons-is-layout-flex\">\n<div class=\"wp-block-button\"><a class=\"wp-block-button__link wp-element-button\" href=\"https:\/\/www.hausaerztinnen-stuhr.de\/?page_id=490\">Hier klicken f\u00fcr unser Kontaktformular<\/a><\/div>\n<\/div>\n\n\n\n<p><\/p>\n","protected":false},"excerpt":{"rendered":"<p>Liebe Patientin, lieber Patient! Herzlich Willkommen auf der Internetseite der Fach\u00e4rztin f\u00fcr Allgemeinmedizin und Psychotherapie Dr. med. Yvonne Indorf und der Fach\u00e4rztin f\u00fcr Allgemeinmedizin Susanne Neumann. Folgender Leitfaden enth\u00e4lt n\u00fctzliche Hinweise und Informationen \u00fcber organisatorische Abl\u00e4ufe und das Leistungsspektrum in<\/p>\n","protected":false},"author":4,"featured_media":0,"parent":0,"menu_order":10,"comment_status":"closed","ping_status":"closed","template":"","meta":{"footnotes":""},"class_list":["post-2","page","type-page","status-publish","hentry"],"_links":{"self":[{"href":"https:\/\/www.hausaerztinnen-stuhr.de\/index.php?rest_route=\/wp\/v2\/pages\/2","targetHints":{"allow":["GET"]}}],"collection":[{"href":"https:\/\/www.hausaerztinnen-stuhr.de\/index.php?rest_route=\/wp\/v2\/pages"}],"about":[{"href":"https:\/\/www.hausaerztinnen-stuhr.de\/index.php?rest_route=\/wp\/v2\/types\/page"}],"author":[{"embeddable":true,"href":"https:\/\/www.hausaerztinnen-stuhr.de\/index.php?rest_route=\/wp\/v2\/users\/4"}],"replies":[{"embeddable":true,"href":"https:\/\/www.hausaerztinnen-stuhr.de\/index.php?rest_route=%2Fwp%2Fv2%2Fcomments&post=2"}],"version-history":[{"count":15,"href":"https:\/\/www.hausaerztinnen-stuhr.de\/index.php?rest_route=\/wp\/v2\/pages\/2\/revisions"}],"predecessor-version":[{"id":514,"href":"https:\/\/www.hausaerztinnen-stuhr.de\/index.php?rest_route=\/wp\/v2\/pages\/2\/revisions\/514"}],"wp:attachment":[{"href":"https:\/\/www.hausaerztinnen-stuhr.de\/index.php?rest_route=%2Fwp%2Fv2%2Fmedia&parent=2"}],"curies":[{"name":"wp","href":"https:\/\/api.w.org\/{rel}","templated":true}]}}